147/35)/(-7))/(2/(-10)). Suppose -12 = -k*z + 39. What is the remainder when x is divided by z?
13
Let i(m) = m**2 + 26*m + 1005. What is the remainder when i(58) is divided by 35?
32
Suppose -7*b + 2*b + 20 = 0. Suppose -2*i - 45 - 12 = -s, 5*s - b*i - 279 = 0. Suppose 0 = 2*d - 7*d + s. Calculate the remainder when 14 is divided by d.
3
Let q(h) = h**3 + 21*h**2 - 26*h + 6. Let j be q(-22). What is the remainder when (27/(-3))/(-18)*(j - 0) is divided by 27?
20
Suppose 2*i - 60 = -10*i. Suppose -q + 168 = i*x, -5*q - 35 = -x + 9. Let z = -13 - -22. Calculate the remainder when x is divided by z.
7
Suppose 3*d - 237 = d + 203. Calculate the remainder when d is divided by 56.
52
Suppose 13*m - 26553 = -65*m + 15099. Calculate the remainder when m is divided by 60.
54
Let n(x) = 4*x**2 + 138*x - 23. Let q be n(-34). What is the remainder when 270 is divided by (-1 + 0/1)*q?
88
Suppose 51*a - 207 - 915 = 0. Calculate the remainder when 17770 is divided by a.
16
Calculate the remainder when 50448/152 + 3 + (-275)/95 + 0 is divided by 26.
20
Suppose 0 = 792*h - 774*h - 1548. What is the remainder when 1969 is divided by h?
77
Suppose -208 = -4*d + 4*i, -d + 56*i + 54 = 57*i. Calculate the remainder when 245 is divided by d.
33
Suppose -563 + 47 = 12*i. Let r = 162 + i. Calculate the remainder when r is divided by 37.
8
Suppose k - 4*w + 64 = 479, -823 = -2*k + w. What is the remainder when k is divided by 33?
15
Let f(m) = -m + 29. Let t be f(5). Suppose -7*x = -6*x - t. Calculate the remainder when 71 is divided by -4 + 2 + 2 + x.
23
Let i = 42 - -1. Suppose -74 - i = -3*b. Let w(f) = f**3 + 2*f**2 - 31*f + 32. What is the remainder when w(-6) is divided by b?
35
Let y = -85 - -237. What is the remainder when 49 is divided by ((-24)/(-60) + y/(-30))*-6?
21
Let a(p) = -30*p - 216. Suppose -2288 = -5*v - 903. Suppose 2*f - 241 = -5*n + v, -2*f = n - 534. What is the remainder when f is divided by a(-9)?
53
What is the remainder when -7*110/1925*(-178 - (-2 + (-3)/(-2))) is divided by (-2)/3 - (-123)/9?
6
Suppose -6210 = 10*a - 700*a. Suppose 5*f + 11 - 671 = 5*p, 4*f + 2*p - 528 = 0. Suppose -f = -3*l - l. Calculate the remainder when l is divided by a.
6
Let h be -3*(1*-6 + 13 + -6). Calculate the remainder when (-259 - -10)*(2 + h) is divided by 57.
21
Suppose 6*b - 651 = -3*p, -b - 86 = -p + 125. Calculate the remainder when p is divided by 36.
33
Let q = 844 - 504. Let u = 356 - q. What is the remainder when u is divided by 9?
7
Let m = 5 + 9. Suppose 0 = -3*r + 2*v + 140, -14020*v + 129 = 3*r - 14023*v. Calculate the remainder when r is divided by m.
12
Suppose 43 - 29 = 7*n. What is the remainder when (90/(-135))/(n/(-381)) is divided by 26?
23
Let h(g) = -1918*g + 7739. Calculate the remainder when 1873 is divided by h(4).
64
Suppose 6*t - 2*t + 5*p + 36 = 0, -2*t = p + 12. Let k be (-14)/21 - t/6. Suppose -11*i - 2*i + 507 = k. Calculate the remainder when i is divided by 12.
3
Suppose 23 = 35*t - 34*t + l, -5*l + 92 = 4*t. Let i = 30 + -5. What is the remainder when i is divided by t?
2
Let c(y) = y**2 - 60*y - 1724. Calculate the remainder when c(93) is divided by 113.
102
Let s = -16235 + 17423. What is the remainder when 2378 is divided by s?
2
Let j = -18 + 21. Suppose 3*w = 3*q + w - 270, j*w - 9 = 0. Calculate the remainder when q is divided by 35.
22
Let s = -41 - -6. Let c be ((-16)/40)/(2/s). Suppose 2*m - 5*l - 53 = 0, -c*m = -3*m + 3*l - 93. What is the remainder when m is divided by 14?
10
Let m = 49 + -49. Suppose m = -2*o - 2*o + 5*a - 6046, 2*o + 4*a + 3010 = 0. Calculate the remainder when o/(-12) + 9/(-12) is divided by 32.
29
Suppose -32 = 4*j - 6*j. Suppose 0 = v + 2*h - 127, 14*v - j*v = 2*h - 248. Calculate the remainder when v is divided by 21.
16
Let i(d) = -d**2 + d**3 + 67*d - 82*d - 11*d**2 + 40. What is the remainder when 209 is divided by i(13)?
13
Calculate the remainder when 6230 is divided by 12/(-120)*-15 - 298/(-4).
74
Suppose 56*l - 1531 = 1838 - 1129. Calculate the remainder when 968 is divided by l.
8
Suppose b - 1 = 5*c, -2*b - 2*b - 5*c + 79 = 0. Let m(z) = -2*z + 38. Let d = 37 + -26. What is the remainder when d is divided by m(b)?
5
Let j(h) = h + 26. Calculate the remainder when j(10) is divided by (-732)/(-42) + 1/((-14)/6).
2
Suppose 317 = -6*g - 2*g + 365. Let l(b) = 7*b + 10. Let z(f) = -35*f - 49. Let u(t) = 14*l(t) + 3*z(t). What is the remainder when u(-5) is divided by g?
4
Let z(c) = -c**2 - 3*c + 9. Let u be z(-5). Let i be u/1*-1 - 48/2. Let a = 20 - i. Calculate the remainder when a is divided by 12.
7
Suppose -w + 408 = -3*l, 5*l = -w + 5*w - 1646. Suppose 2*y - w = -y. Suppose -8*v + 2*v + y = 0. What is the remainder when 89 is divided by v?
20
Let g(p) = -p**3 - 71*p**2 - 24*p - 68. What is the remainder when g(-71) is divided by 7?
5
Suppose -49*w + 523 = -30 - 182. What is the remainder when 103 is divided by w?
13
Suppose -64*q - 890 = -74*q. Let c = 172 - q. What is the remainder when c is divided by 31?
21
Suppose 3*t = -2*v - 2257, 1494 = -2*t - 72*v + 68*v. Let j = 807 + t. Calculate the remainder when 53 is divided by j.
1
Let k = -13798 - -13818. Calculate the remainder when 6359 is divided by k.
19
What is the remainder when 3304 is divided by (-29)/(12/48*-4)?
27
Let h = 542 - 537. Suppose h*o = 5*f - 360, 0 = 4*o - 102 + 98. Calculate the remainder when f is divided by 44.
29
Let p = 21061 - 21042. Let y(k) = 5*k**2 + k + 3. Calculate the remainder when y(-3) is divided by p.
7
Suppose -63 = -n - 2*v, -4*v = -2*n - 9*v + 126. Let s = 2 - -21. What is the remainder when n is divided by s?
17
Let a be (-8698)/25 + 84/(-1050). Let x = -294 - a. Calculate the remainder when x is divided by 30.
24
Suppose -7*c = -73 - 53. Suppose 186*d - 191*d = -65. What is the remainder when c is divided by d?
5
Let k = -5 - -4. Let j be (-2 - k - -4) + 4. Suppose 60 = 11*r - j*r. Calculate the remainder when 44 is divided by r.
14
Suppose 5*x + 159 = -531. Let k = x + 194. What is the remainder when 222 is divided by k?
54
Let b(m) = -51*m + 2. Let n be b(-6). Let r(c) = -c**3 + 18*c**2 - 9*c - 98. Let j be r(18). Calculate the remainder when (-40)/j + n/26 is divided by 8.
4
What is the remainder when 403 is divided by (-11 - -47)*(-50)/(-15)?
43
Let c = 1118 - 905. Calculate the remainder when c is divided by (12 - -3)*12/10.
15
Suppose 6*f = -30*f - 10800. Let v = f - -359. What is the remainder when 176 is divided by v?
58
Suppose -13*p - 4675 = -7600. Let d = 66 + -9. Calculate the remainder when p is divided by d.
54
Suppose -7*v = -v - 132. Suppose -v*i = 7 + 103. Calculate the remainder when 14 is divided by i + 4*21/6.
5
Suppose 2*s - 29 = 3. Suppose 4*f = -4*g + s, 5*g + 3*f = -5 + 29. Calculate the remainder when 25 is divided by g.
1
What is the remainder when 226 is divided by (27 - 6)*(72/(-9) - -9)?
16
Let t(s) = s**2 + 3*s - 11. Let u(m) = -4*m + 31. Calculate the remainder when u(-2) is divided by t(-6).
4
Suppose 12 = 4*u, 4*i - 4*u - 113 - 107 = 0. Suppose 3*g + 0*k = 3*k + 51, -4*k = 2*g - i. Let w = 4315 + -4211. Calculate the remainder when w is divided by g.
20
Let p = 31 + -16. Suppose 0 = -4*r + 83 + 1. Let x = r - 15. What is the remainder when p is divided by x?
3
Suppose 4*w + 5*j - 28 + 0 = 0, -4*j - 16 = 0. Let u = 818 - 197. What is the remainder when u is divided by w?
9
Let x(y) = 4*y**3 + 2*y**2 - 2*y + 3. Let n = -914 - -911. Let p(f) = 65*f + 216. Calculate the remainder when x(2) is divided by p(n).
18
Let k(r) = -r**2 - 9*r - 19. Let o be k(-5). Let a(f) = 57*f**3 + 2*f**2 - 9*f + 8. What is the remainder when a(o) is divided by 9?
4
Suppose -254 - 64 = -6*d. Suppose f = -20 + 228. Calculate the remainder when f is divided by d.
49
Let h = -8287 + 8547. Calculate the remainder when h is divided by 19.
13
Calculate the remainder when 374166/819 - 8/(-7) is divided by 205.
48
Suppose 15004*z - 15002*z = 68. Let j = -96 + 242. Calculate the remainder when j is divided by z.
10
Let o(f) = f**3 - 13*f**2 + 43*f - 2. Let n be o(6). Suppose 0*j + n*j - 12 = 0, 5*j = 4*y - 593. What is the remainder when y is divided by 35?
12
Let w(a) be the first derivative of -a**3/3 - 8*a**2 + 16*a - 21. Calculate the remainder when 57 is divided by w(-16).
9
Calculat